- u. Calculate the greatest common factor of 50 and c.
10
Let y = -3 - 1. Let r = y + 44. Let g be 8/(-2)*(-5)/4. What is the greatest common divisor of r and g?
5
Let i = -915 + 411. Let f be i/(-11) - 16/(-88). Suppose s = -3*z + f + 25, z = -4*s + 42. What is the greatest common factor of z and 198?
22
Suppose 6*p = 3*p + 18. Let t be 9/3 + p/2. Calculate the highest common divisor of t and 3.
3
Let t(j) = -j**2 - 4*j + 1. Let x be t(-4). Suppose -3*f + 4*f = 6. Let m be 33/f + x/(-2). Calculate the highest common divisor of 10 and m.
5
Let k = 92 - 66. Suppose -k = -5*h - 6. Calculate the greatest common factor of h and 6.
2
Let c(d) = -d**3 + d**2 - d. Let p be c(1). Let k be 13 - (1/p - 2). What is the greatest common divisor of 16 and k?
16
Suppose z = 46 + 18. Suppose 4*r - 5*v = -r + 60, 2*r - 4*v - 32 = 0. What is the greatest common divisor of z and r?
8
Let q be (-22)/(-33)*(-273)/(-2). Calculate the highest common factor of q and 13.
13
Let t = 44 + -42. What is the highest common divisor of 1 and t?
1
Suppose -34 + 6 = -2*s. Calculate the greatest common divisor of s and 14.
14
Let a(b) = 0*b + b + 0*b + 91. Let c be a(0). Suppose 5*r = -c + 241. What is the greatest common factor of r and 15?
15
Let d(i) = i**2 - i - 9. Let a be d(7). Calculate the greatest common divisor of 11 and a.
11
Let i(b) = b**3 + 6*b**2 - 2*b + 4. Let h be i(-5). Let z(a) = -a**3 + 7*a**2 - 5*a + 1. Let r be z(5). Calculate the highest common divisor of r and h.
13
Let x(j) = j**3 + 2*j**2 + 2*j + 2. Let k be x(-2). Let a = 4 + k. Suppose 2*q - 48 = -a*q. Calculate the greatest common factor of 36 and q.
12
Let v(g) = g**3 + 2*g**2 + 2. Let q be v(-2). Suppose -3*x + 25 = q*x. Let i = -41 - -46. Calculate the highest common divisor of i and x.
5
Let q(m) = 5*m**2 - 29*m - 2. Let c be q(-3). Calculate the highest common factor of 26 and c.
26
Let w(c) = -10*c - 3. Let d be w(-5). Suppose 0 = 5*y + 7 + 68. Let m = d + y. Calculate the highest common divisor of m and 16.
16
Let w(c) = -c**2 - 7*c - 2. Suppose 0 = 3*u + u + 2*v + 12, -5*u + v = 29. Let z be w(u). Calculate the greatest common divisor of 88 and z.
8
Let c be 36/(-16)*8/(-3). Let y = 130 - 230. Let t = -34 - y. What is the highest common divisor of t and c?
6
Suppose -2*p - r - 3*r = -814, 395 = p - 4*r. What is the greatest common factor of p and 13?
13
Let j be 19/7 - 4/(-14). Suppose -j = -2*a - a. Calculate the highest common factor of 5 and a.
1
Let h be 12/8*-2 - -6. Suppose -h*b - 40 = -4*b. Suppose 2*t - 4*s + 6*s - 18 = 0, 3*t - 33 = 3*s. What is the highest common factor of t and b?
10
Suppose -5*r + 1101 = -i, 0*r = 5*r - 4*i - 1104. Suppose 6*k - r = 2*k. Calculate the greatest common factor of k and 5.
5
Let z(l) = 2*l**2 - 2. Let q be z(-2). Let n(w) = 14*w + 6. Let s be n(q). Calculate the greatest common divisor of s and 10.
10
Let i(g) = 119*g**2 - 2*g - 1. Let t be i(-1). Suppose d - 3*d = -t. Calculate the highest common factor of d and 24.
12
Let i = 62 + -27. What is the highest common divisor of i and 7?
7
Let c(a) = -7*a**2 + 5*a**2 + 0*a**3 - 2*a + 3*a**3. Let t be c(2). What is the highest common divisor of 30 and t?
6
Let d(z) = z**2 - 2*z + 7. Let k be d(-6). Suppose -3*j + 63 = 4*r, 2*r - k + 16 = -3*j. Let u be 4/(4/9) + 3. What is the greatest common factor of u and r?
12
Suppose 5*d - 5 = 0, -l + 12 = l - 4*d. Suppose -2*f = -l - 4. What is the highest common divisor of 9 and f?
3
Let f(o) = -o**3 - 2*o**2 - 2*o - 3. Let h be f(-2). Let v = 10 - h. Let b be ((-45)/(-4))/((-2)/(-8)). Calculate the greatest common divisor of b and v.
9
Suppose 2*k = 2*v - v + 10, 3*k + 4*v = 37. Let q = 7 + 19. Let n be -1*(-2 + -1*q). Calculate the highest common factor of n and k.
7
Suppose a + g = -0*a + 22, 3*a = g + 62. What is the greatest common factor of a and 189?
21
Suppose 3*y = -2*y + 75. Suppose -y - 45 = -5*f. What is the greatest common factor of f and 48?
12
Let f(j) be the third derivative of j**4/12 + 2*j**3 + 3*j**2. Let a be f(15). Calculate the highest common divisor of a and 14.
14
Let i be 1 + 0 - (-2 + -15). What is the highest common divisor of i and 36?
18
Let s be 251/2 - 1/(-2). Let t = s - 63. Calculate the highest common factor of t and 9.
9
Let v be (-25)/(-4) - 2/8. Calculate the greatest common divisor of 18 and v.
6
Suppose -3*o - 2*o = -585. Suppose -5*k = 5*i - 155, -i = -5*i + 3*k + o. Calculate the highest common divisor of i and 20.
10
Let y = 644 + -248. Calculate the highest common divisor of 44 and y.
44
Let r(l) = l**3 - 2*l**2 - 1. Let p be r(3). What is the highest common factor of 8 and p?
8
Let h(i) = -3*i - 1. Let f be h(-5). Suppose 0 = -2*u + f - 0. What is the greatest common factor of u and 1?
1
Suppose 5*x = 4*x + 57. Calculate the highest common divisor of 19 and x.
19
Let s(n) = -n**3 + 3*n**2 + n + 4. Let g be s(4). Let q = g + 14. Suppose q = 4*z + 2. What is the greatest common factor of z and 7?
1
Suppose -2*n - 3 = -3*n. Suppose -2*s = -5 - 1. What is the highest common factor of s and n?
3
Let r = -8 - -23. Suppose 2*g + g = r. Suppose -q = -g - 2. What is the greatest common divisor of 35 and q?
7
Suppose 2*q = -2*v - 6, q - 1 = -4*v - 7. Let f be 20/(q + (-8)/(-3)). Calculate the highest common factor of 10 and f.
10
Suppose 11*i - 551 = 21. What is the highest common divisor of 13 and i?
13
Let a = 7 + -4. Suppose -a*j = 3*w - w - 11, -4*j = w - 18. Let u be (w + (-32)/(-5))*25. What is the highest common divisor of u and 10?
10
Suppose 3*y + 13 - 4 = 0. Let n = 8 + y. Let b be (n - -20) + 1/(-1). What is the highest common divisor of b and 168?
24
Suppose 5*y - 34 = -9, -c - 2 = -2*y. Calculate the highest common factor of 88 and c.
8
Let y(m) = 44*m**2 + m + 1. Let v be y(-1). Let z be (v/10 + 0)*50. Calculate the greatest common divisor of z and 20.
20
Let v be 3/((-2)/60*-3). Let n = 58 - v. Suppose -2*t + 32 = 2*y - 4*t, 0 = 2*y - 3*t - n. What is the greatest common factor of y and 4?
4
Suppose 0 = -2*a - 2*x + 22, -2*a - a + 4*x = -12. What is the greatest common divisor of a and 2?
2
Suppose -4*o - o = -35. Suppose 0 = 3*q + o - 100. Suppose -q = -3*b + 14. What is the greatest common factor of b and 30?
15
Let q(y) be the second derivative of y**3/2 - y**2 + y. Let v be q(2). What is the highest common factor of v and 4?
4
Let g(q) = -2*q - 7. Let p be g(-6). Suppose -2*z = -8, 3*z + 19 = d + p*z. Calculate the greatest common divisor of 110 and d.
11
Suppose -2*b = 3*b + 50. Let o be 1/((-1)/7) - -1. Let x = o - b. What is the highest common factor of 36 and x?
4
Suppose 25 = 4*d + 5. Let h = d - -1. What is the highest common divisor of 24 and h?
6
Let g(t) = -t. Let r(y) = -16*y - 5. Let i(b) = 4*g(b) - r(b). Let w be i(5). Let o be 0 - -25 - (-2 - -1). What is the greatest common divisor of o and w?
13
Suppose 4*o - 94 = 50. What is the highest common factor of o and 252?
36
Let z be ((-15)/18)/(2/(-12)). Calculate the highest common divisor of z and 40.
5
Let l = -45 - -51. Calculate the greatest common divisor of l and 54.
6
Suppose -5*m = -5*h + 1850, -4*h - 5*m + 798 = -682. Suppose 100 = -5*c + h. Calculate the highest common divisor of 6 and c.
6
Let y = 20 - 14. Suppose -y*n + 48 = -2*n. Calculate the greatest common factor of n and 6.
6
Let p(y) = -3*y**2 - 6*y + 6. Let f(x) = x**2. Let s(u) = 2*f(u) + p(u). Let l be s(-6). Calculate the highest common factor of 18 and l.
6
Let s = -9 - -11. Suppose -i + s*v + 2 = -17, 2*i - 38 = 5*v. What is the highest common factor of 19 and i?
19
Suppose 0 = -7*b + 50 + 90. Calculate the greatest common divisor of b and 8.
4
Suppose -3*d - 37 = -u, 4*d + d = 4*u - 183. Let h(y) = y**2 - 7*y - 5. Let g be h(9). Calculate the greatest common factor of g and u.
13
Suppose -3*u - 12 = -4*u. What is the highest common divisor of 24 and u?
12
Let t be (0 - 0) + 16 + 1. Suppose 4*q + 0*q - 748 = 0. Calculate the greatest common divisor of t and q.
17
Suppose -5*z + 5*k + 100 = 0, 3*z + 4*k - 26 = 69. Let w = z + -16. What is the highest common divisor of 6 and w?
3
Let d(a) = a**2 - 9*a - 11. Let m be d(10). Let b be -1*51*1*m. Calculate the greatest common divisor of 34 and b.
17
Suppose 5*r = i - 2 - 44, 0 = i + r - 16. Calculate the highest common divisor of 